{"id":18923,"date":"2024-04-19T13:40:01","date_gmt":"2024-04-19T12:40:01","guid":{"rendered":"https:\/\/tandemfilms.es\/?post_type=project&#038;p=18923"},"modified":"2025-04-25T14:02:58","modified_gmt":"2025-04-25T13:02:58","slug":"the-sonss-homecoming","status":"publish","type":"project","link":"https:\/\/tandemfilms.es\/en\/project\/the-sonss-homecoming\/","title":{"rendered":"The sons&#8217;s homecoming"},"content":{"rendered":"\n[et_pb_section fb_built=&#8221;1&#8243; _builder_version=&#8221;4.27.4&#8243; _module_preset=&#8221;default&#8221; custom_margin=&#8221;-159px||||false|false&#8221; custom_padding=&#8221;||4px||false|false&#8221; saved_tabs=&#8221;all&#8221; global_colors_info=&#8221;{}&#8221;][et_pb_row use_custom_gutter=&#8221;on&#8221; gutter_width=&#8221;4&#8243; make_equal=&#8221;on&#8221; _builder_version=&#8221;4.21.0&#8243; _module_preset=&#8221;default&#8221; width=&#8221;100%&#8221; max_width=&#8221;100%&#8221; module_alignment=&#8221;center&#8221; custom_margin=&#8221;|auto|54px|auto||&#8221; custom_padding=&#8221;1px||0px|||&#8221; global_colors_info=&#8221;{}&#8221;][et_pb_column type=&#8221;4_4&#8243; _builder_version=&#8221;4.21.0&#8243; _module_preset=&#8221;default&#8221; global_colors_info=&#8221;{}&#8221;][et_pb_slider _builder_version=&#8221;4.27.4&#8243; _module_preset=&#8221;default&#8221; background_enable_image=&#8221;off&#8221; height=&#8221;600px&#8221; custom_margin=&#8221;||||false|false&#8221; custom_padding=&#8221;240px||240px||true|false&#8221; hover_enabled=&#8221;0&#8243; global_colors_info=&#8221;{}&#8221; sticky_enabled=&#8221;0&#8243;][et_pb_slide heading=&#8221;THE SON&#8217;S ARRIVAL&#8221; use_bg_overlay=&#8221;off&#8221; use_text_overlay=&#8221;off&#8221; _builder_version=&#8221;4.27.4&#8243; _module_preset=&#8221;default&#8221; header_font=&#8221;Montserrat|700||on|||||&#8221; header_text_align=&#8221;center&#8221; body_font=&#8221;Montserrat|500|||||||&#8221; body_font_size=&#8221;24px&#8221; body_letter_spacing=&#8221;1px&#8221; background_color=&#8221;RGBA(255,255,255,0)&#8221; background_enable_color=&#8221;on&#8221; background_image=&#8221;https:\/\/tandemfilms.es\/wp-content\/uploads\/2025\/04\/DSC_8972-marcos-ludevid-e1745584014251.jpg&#8221; background_enable_image=&#8221;on&#8221; background_position=&#8221;top_center&#8221; background_enable_video_mp4=&#8221;off&#8221; custom_button=&#8221;on&#8221; button_border_width=&#8221;3px&#8221; button_border_radius=&#8221;31px&#8221; button_use_icon=&#8221;on&#8221; button_icon=&#8221;&#x35;||divi||400&#8243; button_on_hover=&#8221;off&#8221; text_orientation=&#8221;left&#8221; hover_enabled=&#8221;0&#8243; header_font_size_tablet=&#8221;46px&#8221; header_font_size_phone=&#8221;46px&#8221; header_font_size_last_edited=&#8221;on|phone&#8221; background_last_edited=&#8221;on|tablet&#8221; global_colors_info=&#8221;{}&#8221; sticky_transition=&#8221;on&#8221; sticky_enabled=&#8221;0&#8243;]<p style=\"text-align: center;\">Celia At\u00e1n &amp; Valeria Pivato<\/p>[\/et_pb_slide][\/et_pb_slider][\/et_pb_column][\/et_pb_row][et_pb_row column_structure=&#8221;1_2,1_2&#8243; use_custom_gutter=&#8221;on&#8221; gutter_width=&#8221;2&#8243; _builder_version=&#8221;4.21.0&#8243; _module_preset=&#8221;default&#8221; width=&#8221;90%&#8221; max_width=&#8221;100%&#8221; custom_margin=&#8221;|auto|32px|auto||&#8221; custom_padding=&#8221;0px||3px|||&#8221; global_colors_info=&#8221;{}&#8221;][et_pb_column type=&#8221;1_2&#8243; _builder_version=&#8221;4.21.0&#8243; _module_preset=&#8221;default&#8221; global_colors_info=&#8221;{}&#8221;][et_pb_text _builder_version=&#8221;4.27.4&#8243; _module_preset=&#8221;default&#8221; text_font=&#8221;Montserrat|700||on|||||&#8221; header_font=&#8221;Montserrat|700|||||||&#8221; header_text_color=&#8221;#000000&#8243; header_2_font=&#8221;Montserrat|700|||||||&#8221; header_2_text_color=&#8221;#000000&#8243; header_2_font_size=&#8221;30px&#8221; custom_margin=&#8221;||-1px|||&#8221; global_colors_info=&#8221;{}&#8221;]<h2 class=\"et_pb_slide_title\">THE SON&#8217;S ARRIVAL<\/h2>\n<div class=\"et_pb_slide_content\"><\/div>[\/et_pb_text][et_pb_text _builder_version=&#8221;4.27.4&#8243; _module_preset=&#8221;default&#8221; text_font=&#8221;Montserrat|700|||||||&#8221; text_text_color=&#8221;#AA2377&#8243; header_3_font=&#8221;Montserrat|500|||||||&#8221; header_3_text_color=&#8221;#000000&#8243; global_colors_info=&#8221;{}&#8221;]<h3>Cecilia At\u00e1n &amp; Valeria Pivato<\/h3>[\/et_pb_text][et_pb_text _builder_version=&#8221;4.27.4&#8243; _module_preset=&#8221;default&#8221; text_font=&#8221;Montserrat|500|||||||&#8221; text_font_size=&#8221;16px&#8221; header_4_font=&#8221;Montserrat|700||on|||||&#8221; header_4_text_color=&#8221;#aa2377&#8243; text_orientation=&#8221;justified&#8221; global_colors_info=&#8221;{}&#8221;]<h4>SYNOPSIS<\/h4>\n<p><span>Sof\u00eda, deep in secret mourning, must take her son into her home on his return from spending years in jail. For both of them this reunion will be the chance to overcome the unsurmountable distance separating them since the moment of the crime.<\/span><\/p>\n<h4>CREW<\/h4>\n<p>Director: Cecilia At\u00e1n &amp; Valeria Pivato<br \/>Scriptwriters: Cecilia At\u00e1n &amp; Valeria Pivato<br \/>Executive Producers: Fernanda del Nido, Cristina Zum\u00e1rraga<br \/>Producers: Fernanda del Nido, Juan Pablo Miller, Cristina Zu\u00e1rraga, Pablo E. Bossi<br \/>Director os Photography: Sergio Armstrong (ACC)<br \/>Editor: Teresa Font (AMAE)<br \/>BSO: Federico Jusid<br \/>Sound Director: Lisandro Rumeau<br \/>Sound Design: Diego Staub<br \/>Production Manager: Mariana Monisio<br \/>Art Director: Mariela R\u00edpodas<br \/>Costume Designer: Laura Donari<br \/>Script Consultant: Eliseo Altunaga<br \/>First Assistant Director: Nicol\u00e1s Giussani<br \/>Casting: Tati Rojas<br \/>Line Producer: Nicol\u00e1s Giorgis<br \/>Jefe de Localizaciones: Javier Parodi (APPLAA)<br \/>Maquillaje: Emmanuel Mi\u00f1o<br \/>Peluquer\u00eda: Silvina Paolucci<br \/>Colorista: Guido Tomeo<br \/>Location Manager: Javier Parodi (APPLAA)<br \/>Makeup Artist:\u00a0Emmanuel Mi\u00f1o<br \/>Hair Stylist: Silvina Paolucci<br \/>Colorist:\u00a0 Guido Tomeo<\/p>\n<h4>CAST<\/h4>\n<p style=\"text-align: justify;\">Sof\u00eda: Maricel \u00c1lvarez<br \/>Alan: Angelo Mutti Spinetta<br \/>Sara (madre de Sof\u00eda): Cristina Banegas<br \/>\u00c1ngeles: Greta Fern\u00e1ndez<\/p>[\/et_pb_text][\/et_pb_column][et_pb_column type=&#8221;1_2&#8243; _builder_version=&#8221;4.21.0&#8243; _module_preset=&#8221;default&#8221; global_colors_info=&#8221;{}&#8221;][et_pb_gallery gallery_ids=&#8221;19304,19306,19300&#8243; fullwidth=&#8221;on&#8221; _builder_version=&#8221;4.27.4&#8243; _module_preset=&#8221;default&#8221; custom_margin=&#8221;3px|||||&#8221; global_colors_info=&#8221;{}&#8221;][\/et_pb_gallery][et_pb_text _builder_version=&#8221;4.27.4&#8243; _module_preset=&#8221;default&#8221; text_font=&#8221;Montserrat|500|||||||&#8221; text_font_size=&#8221;16px&#8221; header_4_font=&#8221;Montserrat|700||on|||||&#8221; header_4_text_color=&#8221;#aa2377&#8243; text_orientation=&#8221;justified&#8221; custom_margin=&#8221;3px|||||&#8221; global_colors_info=&#8221;{}&#8221;]<h4>GENRE<\/h4>\n<p>Drama<\/p>\n<h4>LOCATIONS<\/h4>\n<p>Spain-Argentina<\/p>\n<h4>PRODUCTION COMPANIES<\/h4>\n<p><span>Setembro Cine, Tarea Fina, Tandem Films<\/span><\/p>\n<h4>RELEASE DATE<\/h4>\n<p>May 9, 2025<\/p>\n<h4>OTHER INFORMATION<\/h4>\n<p>San Sebasti\u00e1n Festival 2024 \u2013 New Directors<\/p>\n<p>Distributor in Spain: BTEAM PICTURES<\/p>\n<p>Communication Agency: ELLAS COMUNICACI\u00d3N<\/p>\n<p>International Sales: VISIT FILMS<\/p>\n<p>With the participation of RTVE and financing from ICAA, ICEC, and INCAA, with the support of the Ibermedia Program and the Creative Europe Programme-MEDIA, and financing from ICO.<\/p>\n<p>&nbsp;<\/p>\n<p>&nbsp;<\/p>[\/et_pb_text][\/et_pb_column][\/et_pb_row][\/et_pb_section][et_pb_section fb_built=&#8221;1&#8243; _builder_version=&#8221;4.27.4&#8243; _module_preset=&#8221;default&#8221; background_color=&#8221;#000000&#8243; background_enable_video_mp4=&#8221;off&#8221; module_alignment=&#8221;center&#8221; min_height=&#8221;100%&#8221; height=&#8221;50%&#8221; custom_padding=&#8221;1px||4px|||&#8221; global_colors_info=&#8221;{}&#8221;][et_pb_row use_custom_gutter=&#8221;on&#8221; gutter_width=&#8221;1&#8243; custom_padding_last_edited=&#8221;on|phone&#8221; _builder_version=&#8221;4.21.0&#8243; _module_preset=&#8221;default&#8221; background_enable_video_mp4=&#8221;off&#8221; width=&#8221;100%&#8221; max_width=&#8221;80%&#8221; module_alignment=&#8221;center&#8221; min_height=&#8221;415.2px&#8221; min_height_tablet=&#8221;415.2px&#8221; min_height_phone=&#8221;415.2px&#8221; min_height_last_edited=&#8221;on|phone&#8221; custom_padding=&#8221;2px|179px|0px|179px||true&#8221; custom_padding_tablet=&#8221;0px|0px|0px|0px|false|true&#8221; custom_padding_phone=&#8221;0px|0px|0px|0px|false|true&#8221; global_colors_info=&#8221;{}&#8221;][et_pb_column type=&#8221;4_4&#8243; _builder_version=&#8221;4.21.0&#8243; _module_preset=&#8221;default&#8221; background_enable_video_mp4=&#8221;off&#8221; global_colors_info=&#8221;{}&#8221;][et_pb_video src=&#8221;https:\/\/www.youtube.com\/watch?v=o1zoeaxnUb0&#8243; play_icon_color=&#8221;#FFFFFF&#8221; font_icon=&#8221;&#x49;||divi||400&#8243; _builder_version=&#8221;4.27.4&#8243; _module_preset=&#8221;default&#8221; global_colors_info=&#8221;{}&#8221;][\/et_pb_video][\/et_pb_column][\/et_pb_row][\/et_pb_section]\n","protected":false},"excerpt":{"rendered":"<p>Celia At\u00e1n &amp; Valeria PivatoTHE SON&#8217;S ARRIVAL Cecilia At\u00e1n &amp; Valeria PivatoSYNOPSIS Sof\u00eda, deep in secret mourning, must take her son into her home on his return from spending years in jail. For both of them this reunion will be the chance to overcome the unsurmountable distance separating them since the moment of the crime. [&hellip;]<\/p>\n","protected":false},"author":2,"featured_media":19330,"comment_status":"open","ping_status":"closed","template":"","meta":{"_et_pb_use_builder":"on","_et_pb_old_content":"","_et_gb_content_width":"","footnotes":""},"project_category":[238,271,270,239],"project_tag":[242,276,312,278,243,274],"class_list":["post-18923","project","type-project","status-publish","has-post-thumbnail","hentry","project_category-ficcion","project_category-fiction","project_category-filmography","project_category-productions","project_tag-direccion","project_tag-director","project_tag-director-2","project_tag-film","project_tag-pelicula","project_tag-pelicula-en"],"_links":{"self":[{"href":"https:\/\/tandemfilms.es\/en\/wp-json\/wp\/v2\/project\/18923","targetHints":{"allow":["GET"]}}],"collection":[{"href":"https:\/\/tandemfilms.es\/en\/wp-json\/wp\/v2\/project"}],"about":[{"href":"https:\/\/tandemfilms.es\/en\/wp-json\/wp\/v2\/types\/project"}],"author":[{"embeddable":true,"href":"https:\/\/tandemfilms.es\/en\/wp-json\/wp\/v2\/users\/2"}],"replies":[{"embeddable":true,"href":"https:\/\/tandemfilms.es\/en\/wp-json\/wp\/v2\/comments?post=18923"}],"version-history":[{"count":0,"href":"https:\/\/tandemfilms.es\/en\/wp-json\/wp\/v2\/project\/18923\/revisions"}],"wp:featuredmedia":[{"embeddable":true,"href":"https:\/\/tandemfilms.es\/en\/wp-json\/wp\/v2\/media\/19330"}],"wp:attachment":[{"href":"https:\/\/tandemfilms.es\/en\/wp-json\/wp\/v2\/media?parent=18923"}],"wp:term":[{"taxonomy":"project_category","embeddable":true,"href":"https:\/\/tandemfilms.es\/en\/wp-json\/wp\/v2\/project_category?post=18923"},{"taxonomy":"project_tag","embeddable":true,"href":"https:\/\/tandemfilms.es\/en\/wp-json\/wp\/v2\/project_tag?post=18923"}],"curies":[{"name":"wp","href":"https:\/\/api.w.org\/{rel}","templated":true}]}}

[et_pb_section fb_built=&#8221;1&#8243; _builder_version=&#8221;4.27.4&#8243; _module_preset=&#8221;default&#8221; custom_margin=&#8221;-159px||||false|false&#8221; custom_padding=&#8221;||4px||false|false&#8221; saved_tabs=&#8221;all&#8221; global_colors_info=&#8221;{}&#8221;][et_pb_row use_custom_gutter=&#8221;on&#8221; gutter_width=&#8221;4&#8243; make_equal=&#8221;on&#8221; _builder_version=&#8221;4.21.0&#8243; _module_preset=&#8221;default&#8221; width=&#8221;100%&#8221; max_width=&#8221;100%&#8221; module_alignment=&#8221;center&#8221; custom_margin=&#8221;|auto|54px|auto||&#8221; custom_padding=&#8221;1px||0px|||&#8221; global_colors_info=&#8221;{}&#8221;][et_pb_column type=&#8221;4_4&#8243; _builder_version=&#8221;4.21.0&#8243; _module_preset=&#8221;default&#8221; global_colors_info=&#8221;{}&#8221;][et_pb_slider _builder_version=&#8221;4.27.4&#8243; _module_preset=&#8221;default&#8221; background_enable_image=&#8221;off&#8221; height=&#8221;600px&#8221; custom_margin=&#8221;||||false|false&#8221; custom_padding=&#8221;240px||240px||true|false&#8221; hover_enabled=&#8221;0&#8243; global_colors_info=&#8221;{}&#8221; sticky_enabled=&#8221;0&#8243;][et_pb_slide heading=&#8221;THE SON&#8217;S ARRIVAL&#8221; use_bg_overlay=&#8221;off&#8221; use_text_overlay=&#8221;off&#8221; _builder_version=&#8221;4.27.4&#8243; _module_preset=&#8221;default&#8221; header_font=&#8221;Montserrat|700||on|||||&#8221; header_text_align=&#8221;center&#8221; body_font=&#8221;Montserrat|500|||||||&#8221; body_font_size=&#8221;24px&#8221; body_letter_spacing=&#8221;1px&#8221; background_color=&#8221;RGBA(255,255,255,0)&#8221; background_enable_color=&#8221;on&#8221; background_image=&#8221;https://tandemfilms.es/wp-content/uploads/2025/04/DSC_8972-marcos-ludevid-e1745584014251.jpg&#8221; background_enable_image=&#8221;on&#8221; background_position=&#8221;top_center&#8221; background_enable_video_mp4=&#8221;off&#8221; custom_button=&#8221;on&#8221; button_border_width=&#8221;3px&#8221; button_border_radius=&#8221;31px&#8221; button_use_icon=&#8221;on&#8221; button_icon=&#8221;&#x35;||divi||400&#8243; button_on_hover=&#8221;off&#8221; text_orientation=&#8221;left&#8221; hover_enabled=&#8221;0&#8243; header_font_size_tablet=&#8221;46px&#8221; header_font_size_phone=&#8221;46px&#8221; header_font_size_last_edited=&#8221;on|phone&#8221; background_last_edited=&#8221;on|tablet&#8221; global_colors_info=&#8221;{}&#8221; sticky_transition=&#8221;on&#8221; sticky_enabled=&#8221;0&#8243;]<p style="text-align: center;">Celia Atán &amp; Valeria Pivato</p>[/et_pb_slide][/et_pb_slider][/et_pb_column][/et_pb_row][et_pb_row column_structure=&#8221;1_2,1_2&#8243; use_custom_gutter=&#8221;on&#8221; gutter_width=&#8221;2&#8243; _builder_version=&#8221;4.21.0&#8243; _module_preset=&#8221;default&#8221; width=&#8221;90%&#8221; max_width=&#8221;100%&#8221; custom_margin=&#8221;|auto|32px|auto||&#8221; custom_padding=&#8221;0px||3px|||&#8221; global_colors_info=&#8221;{}&#8221;][et_pb_column type=&#8221;1_2&#8243; _builder_version=&#8221;4.21.0&#8243; _module_preset=&#8221;default&#8221; global_colors_info=&#8221;{}&#8221;][et_pb_text _builder_version=&#8221;4.27.4&#8243; _module_preset=&#8221;default&#8221; text_font=&#8221;Montserrat|700||on|||||&#8221; header_font=&#8221;Montserrat|700|||||||&#8221; header_text_color=&#8221;#000000&#8243; header_2_font=&#8221;Montserrat|700|||||||&#8221; header_2_text_color=&#8221;#000000&#8243; header_2_font_size=&#8221;30px&#8221; custom_margin=&#8221;||-1px|||&#8221; global_colors_info=&#8221;{}&#8221;]<h2 class="et_pb_slide_title">THE SON&#8217;S ARRIVAL</h2>
<div class="et_pb_slide_content"></div>[/et_pb_text][et_pb_text _builder_version=&#8221;4.27.4&#8243; _module_preset=&#8221;default&#8221; text_font=&#8221;Montserrat|700|||||||&#8221; text_text_color=&#8221;#AA2377&#8243; header_3_font=&#8221;Montserrat|500|||||||&#8221; header_3_text_color=&#8221;#000000&#8243; global_colors_info=&#8221;{}&#8221;]<h3>Cecilia Atán &amp; Valeria Pivato</h3>[/et_pb_text][et_pb_text _builder_version=&#8221;4.27.4&#8243; _module_preset=&#8221;default&#8221; text_font=&#8221;Montserrat|500|||||||&#8221; text_font_size=&#8221;16px&#8221; header_4_font=&#8221;Montserrat|700||on|||||&#8221; header_4_text_color=&#8221;#aa2377&#8243; text_orientation=&#8221;justified&#8221; global_colors_info=&#8221;{}&#8221;]<h4>SYNOPSIS</h4>
<p><span>Sofía, deep in secret mourning, must take her son into her home on his return from spending years in jail. For both of them this reunion will be the chance to overcome the unsurmountable distance separating them since the moment of the crime.</span></p>
<h4>CREW</h4>
<p>Director: Cecilia Atán &amp; Valeria Pivato<br />Scriptwriters: Cecilia Atán &amp; Valeria Pivato<br />Executive Producers: Fernanda del Nido, Cristina Zumárraga<br />Producers: Fernanda del Nido, Juan Pablo Miller, Cristina Zuárraga, Pablo E. Bossi<br />Director os Photography: Sergio Armstrong (ACC)<br />Editor: Teresa Font (AMAE)<br />BSO: Federico Jusid<br />Sound Director: Lisandro Rumeau<br />Sound Design: Diego Staub<br />Production Manager: Mariana Monisio<br />Art Director: Mariela Rípodas<br />Costume Designer: Laura Donari<br />Script Consultant: Eliseo Altunaga<br />First Assistant Director: Nicolás Giussani<br />Casting: Tati Rojas<br />Line Producer: Nicolás Giorgis<br />Jefe de Localizaciones: Javier Parodi (APPLAA)<br />Maquillaje: Emmanuel Miño<br />Peluquería: Silvina Paolucci<br />Colorista: Guido Tomeo<br />Location Manager: Javier Parodi (APPLAA)<br />Makeup Artist: Emmanuel Miño<br />Hair Stylist: Silvina Paolucci<br />Colorist:  Guido Tomeo</p>
<h4>CAST</h4>
<p style="text-align: justify;">Sofía: Maricel Álvarez<br />Alan: Angelo Mutti Spinetta<br />Sara (madre de Sofía): Cristina Banegas<br />Ángeles: Greta Fernández</p>[/et_pb_text][/et_pb_column][et_pb_column type=&#8221;1_2&#8243; _builder_version=&#8221;4.21.0&#8243; _module_preset=&#8221;default&#8221; global_colors_info=&#8221;{}&#8221;][et_pb_gallery gallery_ids=&#8221;19304,19306,19300&#8243; fullwidth=&#8221;on&#8221; _builder_version=&#8221;4.27.4&#8243; _module_preset=&#8221;default&#8221; custom_margin=&#8221;3px|||||&#8221; global_colors_info=&#8221;{}&#8221;][/et_pb_gallery][et_pb_text _builder_version=&#8221;4.27.4&#8243; _module_preset=&#8221;default&#8221; text_font=&#8221;Montserrat|500|||||||&#8221; text_font_size=&#8221;16px&#8221; header_4_font=&#8221;Montserrat|700||on|||||&#8221; header_4_text_color=&#8221;#aa2377&#8243; text_orientation=&#8221;justified&#8221; custom_margin=&#8221;3px|||||&#8221; global_colors_info=&#8221;{}&#8221;]<h4>GENRE</h4>
<p>Drama</p>
<h4>LOCATIONS</h4>
<p>Spain-Argentina</p>
<h4>PRODUCTION COMPANIES</h4>
<p><span>Setembro Cine, Tarea Fina, Tandem Films</span></p>
<h4>RELEASE DATE</h4>
<p>May 9, 2025</p>
<h4>OTHER INFORMATION</h4>
<p>San Sebastián Festival 2024 – New Directors</p>
<p>Distributor in Spain: BTEAM PICTURES</p>
<p>Communication Agency: ELLAS COMUNICACIÓN</p>
<p>International Sales: VISIT FILMS</p>
<p>With the participation of RTVE and financing from ICAA, ICEC, and INCAA, with the support of the Ibermedia Program and the Creative Europe Programme-MEDIA, and financing from ICO.</p>
<p>&nbsp;</p>
<p>&nbsp;</p>[/et_pb_text][/et_pb_column][/et_pb_row][/et_pb_section][et_pb_section fb_built=&#8221;1&#8243; _builder_version=&#8221;4.27.4&#8243; _module_preset=&#8221;default&#8221; background_color=&#8221;#000000&#8243; background_enable_video_mp4=&#8221;off&#8221; module_alignment=&#8221;center&#8221; min_height=&#8221;100%&#8221; height=&#8221;50%&#8221; custom_padding=&#8221;1px||4px|||&#8221; global_colors_info=&#8221;{}&#8221;][et_pb_row use_custom_gutter=&#8221;on&#8221; gutter_width=&#8221;1&#8243; custom_padding_last_edited=&#8221;on|phone&#8221; _builder_version=&#8221;4.21.0&#8243; _module_preset=&#8221;default&#8221; background_enable_video_mp4=&#8221;off&#8221; width=&#8221;100%&#8221; max_width=&#8221;80%&#8221; module_alignment=&#8221;center&#8221; min_height=&#8221;415.2px&#8221; min_height_tablet=&#8221;415.2px&#8221; min_height_phone=&#8221;415.2px&#8221; min_height_last_edited=&#8221;on|phone&#8221; custom_padding=&#8221;2px|179px|0px|179px||true&#8221; custom_padding_tablet=&#8221;0px|0px|0px|0px|false|true&#8221; custom_padding_phone=&#8221;0px|0px|0px|0px|false|true&#8221; global_colors_info=&#8221;{}&#8221;][et_pb_column type=&#8221;4_4&#8243; _builder_version=&#8221;4.21.0&#8243; _module_preset=&#8221;default&#8221; background_enable_video_mp4=&#8221;off&#8221; global_colors_info=&#8221;{}&#8221;][et_pb_video src=&#8221;https://www.youtube.com/watch?v=o1zoeaxnUb0&#8243; play_icon_color=&#8221;#FFFFFF&#8221; font_icon=&#8221;&#x49;||divi||400&#8243; _builder_version=&#8221;4.27.4&#8243; _module_preset=&#8221;default&#8221; global_colors_info=&#8221;{}&#8221;][/et_pb_video][/et_pb_column][/et_pb_row][/et_pb_section]

<p>Celia Atán &amp; Valeria PivatoTHE SON&#8217;S ARRIVAL Cecilia Atán &amp; Valeria PivatoSYNOPSIS Sofía, deep in secret mourning, must take her son into her home on his return from spending years in jail. For both of them this reunion will be the chance to overcome the unsurmountable distance separating them since the moment of the crime. [&hellip;]</p>
